- 948. Give u(29).
-20
Let t(m) = 3*m**2 + 44*m - 14. Give t(-16).
50
Let p(q) = -q**3 - 32*q**2 + 189*q - 20. Calculate p(5).
0
Let d(h) = -50*h**2 - 8*h + 9. Determine d(1).
-49
Let v(k) = k**3 + 6*k**2 - 13*k - 18. What is v(-8)?
-42
Let l(u) = u**3 - 9*u**2 + 23*u - 302. Give l(10).
28
Let q(a) = 164*a - 30. Give q(1).
134
Let k(m) = 4*m**2 - 27*m - 819. Determine k(18).
-9
Let j(a) = -3*a**2 + 38*a - 18. Give j(9).
81
Let x(k) = -k**2 - 27*k + 3505. What is x(-74)?
27
Let x(o) = o**2 - 45*o - 35. Calculate x(46).
11
Let n(d) = d**3 - 63*d**2 + 230*d + 352. Determine n(59).
-2
Let r(g) = g**3 - 6*g**2 + 24*g - 71. Calculate r(5).
24
Let c(x) = 5*x**3 - 10*x + 14. Determine c(2).
34
Let i(n) = -189*n + 10398. What is i(55)?
3
Let d(l) = -28*l + 226. What is d(9)?
-26
Let l(w) = 155*w - 766. Determine l(4).
-146
Let b(y) = -2*y**2 + 2424*y + 9726. What is b(-4)?
-2
Let s(g) = -15*g - 19. What is s(-2)?
11
Let s(k) = k**3 - 141*k**2 + 2216*k - 249. Give s(123).
-3
Let b(p) = 2*p**2 + 9*p - 52. What is b(4)?
16
Let c(h) = -h**2 + 32*h - 41. Determine c(14).
211
Let z(g) = 42*g - 563. Determine z(5).
-353
Let i(n) = -2*n**2 + 6*n + 128. Give i(0).
128
Let b(a) = -a**3 - 8*a**2 + 34*a + 274. Determine b(-6).
-2
Let f(n) = n**3 - 22*n**2 + 52*n - 634. What is f(21)?
17
Let d(n) = 262*n + 8384. Give d(-32).
0
Let x(o) = -o**3 + o**2 + 7*o + 4. Give x(-3).
19
Let j(g) = -g**3 + 24*g**2 - 56*g - 58. Calculate j(21).
89
Let v(a) = 42*a + 335. Give v(-8).
-1
Let v(a) = 94*a - 7052. Give v(75).
-2
Let r(o) = 6*o + 42. What is r(8)?
90
Let t(c) = 33*c**2 - 5*c - 3. Give t(3).
279
Let o(i) = -i**2 + 29*i + 14. Give o(-7).
-238
Let k(z) = 4431*z - 17729. Give k(4).
-5
Let v(b) = -112*b - 393. Determine v(-2).
-169
Let w(q) = -8*q**2 + 94*q - 137. Calculate w(10).
3
Let y(h) = -h**2 - 238*h - 5909. Give y(-28).
-29
Let p(a) = 11*a**2 - 63*a + 12. What is p(6)?
30
Let o(j) = -j**2 - 167*j + 2929. What is o(16)?
1
Let r(h) = -2*h**3 - 16*h**2 - 25*h - 81. What is r(-7)?
-4
Let g(n) = n**3 - 2*n**2 - 57*n + 224. What is g(5)?
14
Let i(v) = -2*v**3 - 41*v**2 + 31*v + 202. Determine i(-21).
-8
Let a(j) = -41*j**2 + 1395*j - 71. What is a(34)?
-37
Let b(y) = -y**3 + 53*y**2 + 625*y - 7. Calculate b(-10).
43
Let m(g) = g**2 + 96*g + 711. What is m(-88)?
7
Let d(i) = -i**3 - 88*i**2 + 1994*i - 4179. Give d(-107).
-6
Let r(y) = y**3 - 23*y**2 + 27*y + 644. Determine r(20).
-16
Let i(f) = -2*f**2 - 16*f - 64. Determine i(-11).
-130
Let p(n) = -27*n - 1822. Calculate p(-67).
-13
Let t(x) = 2*x**3 + 57*x**2 + 35*x + 253. What is t(-28)?
57
Let z(m) = -215*m + 1871. Give z(9).
-64
Let b(l) = -9*l**2 - 59*l - 17. Determine b(-6).
13
Let a(f) = 9*f**2 - 255*f + 1. Determine a(29).
175
Let u(o) = 10*o**2 - 55*o + 53. Calculate u(4).
-7
Let j(q) = 63*q - 180. Give j(6).
198
Let g(b) = b**3 - 51*b**2 - 156*b + 24. What is g(-3)?
6
Let p(f) = -8*f**3 + 25*f. Determine p(4).
-412
Let w(f) = -2896*f + 66623. What is w(23)?
15
Let t(i) = 11*i + 462. What is t(-13)?
319
Let u(g) = 130*g - 1255. Calculate u(10).
45
Let i(h) = h**2 + 405*h + 32826. What is i(-112)?
10
Let r(q) = -20*q**2 - 79*q - 3. What is r(0)?
-3
Let r(m) = m**3 - 9*m**2 + 63*m - 563. Give r(9).
4
Let s(c) = c**3 + 24*c**2 + 30*c + 110. Calculate s(-23).
-51
Let t(f) = -21*f**2 - 6*f + 1. What is t(2)?
-95
Let w(g) = -59*g + 1371. Calculate w(24).
-45
Let c(h) = 2*h**3 + 89*h**2 - 41*h + 256. What is c(-45)?
76
Let s(g) = -7*g**2 - 2*g + 65. Calculate s(0).
65
Let z(h) = 3*h**2 + 183*h - 928. Calculate z(5).
62
Let a(q) = 38*q - 115. Calculate a(4).
37
Let o(p) = -p**3 - 11*p**2 - 40*p - 125. Determine o(-8).
3
Let x(i) = -34*i - 1990. Give x(-62).
118
Let w(j) = j**3 - 33*j**2 + 60*j - 46. Give w(31).
-108
Let p(g) = 2*g**3 + 6*g**2 + 15*g + 46. What is p(-3)?
1
Let d(t) = 28*t + 334. Give d(-10).
54
Let a(g) = -48*g**2 + 234*g + 20. Calculate a(5).
-10
Let h(k) = k**3 - 40*k**2 - 4*k + 170. Give h(40).
10
Let o(t) = -t**3 - 13*t**2 - 36*t - 29. Calculate o(-9).
-29
Let t(b) = -99*b - 807. Calculate t(-8).
-15
Let p(b) = -1757*b - 8816. What is p(-5)?
-31
Let n(i) = 2*i**3 + 11*i**2 + 13*i - 10. What is n(-3)?
-4
Let h(a) = -230*a + 22995. What is h(100)?
-5
Let v(t) = t**3 + 18*t**2 - 89*t + 207. What is v(-22)?
229
Let s(r) = -2*r**2 - 55*r + 287. Calculate s(-32).
-1
Let h(u) = -21*u**2 + 146*u + 15. What is h(7)?
8
Let b(w) = -w**3 + 14*w**2 + 4*w + 206. Determine b(15).
41
Let g(u) = -1256*u - 32661. Calculate g(-26).
-5
Let i(h) = 59*h - 277. Give i(5).
18
Let j(b) = 4*b**2 + 113*b + 697. What is j(-6)?
163
Let a(p) = 77*p + 189. Give a(-2).
35
Let d(g) = g**3 + 11*g**2 - 211*g + 8. Calculate d(10).
-2
Let a(y) = -3*y**3 + 23*y**2 - 12*y + 17. Calculate a(7).
31
Let o(m) = -m**3 - 98*m**2 - 950*m + 620. Give o(-87).
11
Let s(b) = -b**3 + 125*b**2 + 1643*b + 142. What is s(137)?
5
Let r(t) = -3139*t + 9320. Give r(3).
-97
Let u(j) = j**2 + 41*j + 304. Calculate u(-36).
124
Let r(v) = -249*v - 25. What is r(2)?
-523
Let m(b) = b**2 + 27*b + 55. Give m(-25).
5
Let r(h) = 15*h - 11. Calculate r(4).
49
Let y(h) = -h**3 - 34*h**2 - 240*h - 1. Calculate y(-24).
-1
Let h(m) = -1447*m - 23141. Calculate h(-16).
11
Let l(j) = 8*j**3 - 96*j**2 - 24*j - 24. What is l(12)?
-312
Let g(u) = u**3 + 9*u**2 + 7*u + 197. Give g(-9).
134
Let w(c) = -48*c + 587. What is w(10)?
107
Let q(p) = -3*p - 22. Calculate q(-10).
8
Let s(m) = m**2 + 11*m - 31. Calculate s(-11).
-31
Let u(i) = -71*i + 140. Calculate u(3).
-73
Let k(f) = 19*f**2 - 83*f + 67. Give k(1).
3
Let d(v) = 7*v**2 - 18*v + 22. Calculate d(4).
62
Let x(a) = -a**2 - 120*a - 2874. Determine x(-33).
-3
Let f(i) = -2*i**3 + 10*i**2 + 19*i - 37. Calculate f(6).
5
Let p(t) = -t**3 - 4*t**2 + 62*t + 235. Calculate p(-4).
-13
Let d(a) = 208*a + 11029. Calculate d(-53).
5
Let i(a) = a**2 + 7*a - 29. What is i(-6)?
-35
Let j(t) = t**3 - 17*t**2 + 36*t + 159. Determine j(13).
-49
Let s(k) = 2*k - 385. Give s(10).
-365
Let s(x) = -3*x**3 + 9*x**2 + 15*x - 24. Determine s(6).
-258
Let y(q) = -612*q - 18367. Determine y(-30).
-7
Let c(i) = 2*i**3 - 16*i**2 + 18*i - 149. What is c(7)?
-121
Let o(z) = z**3 - 13*z**2 - 13*z - 26. Calculate o(15).
229
Let k(y) = -55*y**2 - 46*y + 87. Give k(2).
-225
Let a(g) = 4*g**2 + 260*g + 1221. Calculate a(-60).
21
Let l(z) = -5*z**2 - 29*z - 67. What is l(-6)?
-73
Let u(h) = 5309*h + 153963. Calculate u(-29).
2
Let p(g) = g**3 - 7*g**2 - 88*g + 138. What is p(13)?
8
Let s(w) = -6*w - 109. Determine s(-15).
-19
Let i(k) = 29*k - 63. Calculate i(4).
53
Let p(q) = q**2 - 6*q - 136. Give p(15).
-1
Let i(p) = 126*p + 1631. What is i(-13)?
-7
Let j(g) = g**3 + 39*g**2 - 130*g + 6. Give j(-42).
174
Let o(r) = 9*r**2 + 3494*r - 7021. Calculate o(2).
3
Let z(l) = l**3 + 54*l**2 + 7*l + 3406. Give z(-55).
-4
Let o(x) = x**3 + 22*x**2 + 56*x - 45. Give o(-19).
-26
Let j(f) = 333*f - 13984. Give j(42).
2
Let p(g) = g**3 + 95*g**2 + 354*g - 915. Determine p(-91).
-5
Let w(s) = -711*s**2 + 17066*s - 5. Calculate w(24).
43
Let d(r) = -5*r**2 + 127*r - 3. Determine d(25).
47
Let d(s) = -62*s - 1452. Give d(-23).
-26
Let o(j) = 22*j**3 + j**2 + 10*j - 12. Calculate o(1).
21
Let j(k) = -2*k**3 - 2*k**2 - 8*k - 20. Calculate j(-2).
4
Let d(a) = -15*a + 285. Give d(18).
15
Let a(f) = f**2 - 19*f - 125. Determine a(18).
-143
Let m(g) = 587*g - 96853. What is m(165)?
2
Let k(t) = -t**3 + 2*t**2 + 20*t + 37. Give k(-4).
53
Let g(q) = 3*q**2 - 118*q + 147. What is g(35)?
-308
Let h(p) = 4*p**2 + 5*p - 1221. What is h(17)?
20
Let j(n) = -98*n + 1111. Give j(12).
-65
Let n(k) = -148*k - 144. What is n(-1)?
4
Let a(q) = 817*q - 2440. Give a(3).
11
Let z(m) = 22*m + 44. What is z(0)?
44
Let u(n) = -n**3 + 45*n**2 + 91*n + 126. Calculate u(47).
-15
Let c(l) = -l**2 + 35*l - 187. What is c(26)?
47
Let j(h) = 3*h - 126. Determine j(-12).
-162
Let i(x) = -151*x + 2407. What is i(16)?
-9
Let l(b) = -228*b**2 + 16*b + 2. Calculate l(-1).
-242
Let o(b) = 3*b**3 - 32*b**2 + 88*b + 11. Calculate o(4).
43
Let h(b) = -b**3 - 43*b**2 - 9*b + 1414. What is h(-42)?
28
Let j(k) = -8*k**2 - 9*k - 135. Determine j(0).
-135
Let j(c) = -c**2 - 113*c - 1637. Calculate j(-17).
-5
Let q(m) = 6*m**3 + 78*m**2 - 2*m - 28. Calculate q(-13).
-2
Let n(a) = -21*a - 350. Calculate n(-17).
7
L